 40. Suppose -5*k + 2*m = -79, -k + o - 3 = -m. Is k composite?
True
Let j = -80 + 377. Let z = j + -208. Is z a prime number?
True
Let k(f) be the second derivative of f**5/10 - f**4/3 + f**3/2 + f**2/2 + 9*f. Is k(2) a composite number?
False
Let j(l) = 7*l + 6. Let w be (-4)/(-3 - (-15)/6). Is j(w) prime?
False
Let k be (-6)/15 - (-52)/5. Let o(h) be the second derivative of h**3/6 + 9*h**2/2 + h. Is o(k) a composite number?
False
Let h(w) be the second derivative of w**4/2 - 2*w**3/3 - 7*w**2/2 - 2*w. Is h(7) prime?
False
Suppose a - 3 = -0. Is 116*((-34)/(-8) - a) a prime number?
False
Let w = 41 + -17. Let s = w - 9. Is s a composite number?
True
Let y = -740 - -1038. Is y composite?
True
Suppose -5*r = 2*v - 396, 0 = 2*r - 1 + 9. Let b = v + -129. Is b prime?
True
Suppose -5*a - 4*i = -3943, 4*a - i = -0*a + 3146. Is a a composite number?
False
Suppose -5*x - q + 2938 = 0, -636 + 2969 = 4*x - 5*q. Is x composite?
False
Is 66 + (1 - 1 - -1) a composite number?
False
Let x = -4793 - -7046. Is x/(-2)*8/(-12) a prime number?
True
Let q(a) = -a**3 + 8*a**2 + 9*a - 7. Let c be ((-27)/(-6))/(3/4). Let g be q(c). Suppose f + f + 2*t = 48, -5*f + g = 4*t. Is f prime?
True
Suppose 0 = q + 3*q - 556. Is q composite?
False
Let d = 720 - 399. Suppose 4*n + 5*j - d = 0, 2*j = j + 1. Is n a prime number?
True
Let s(w) be the first derivative of 11*w**2 + w + 2. Is s(6) a prime number?
False
Suppose 4*z - 3048 = -5*q, 3*q + 745 = z - 0*z. Is z a composite number?
False
Let m = -3778 - -6848. Is (5/2)/(5/m) prime?
False
Suppose 0 = 4*d + 52 + 12. Let z be (-2814)/(-8) - 4/d. Suppose -2*o - z = -5*o - 5*c, 4*o - 473 = -3*c. Is o composite?
True
Suppose -d + 4*d = 897. Is d a composite number?
True
Let n(q) = -q**3 - q**2 - q + 9. Suppose 0 = 2*g - 3*g. Let c be n(g). Suppose c - 1 = 4*x. Is x a composite number?
False
Suppose 0 = -2*q + q - 2*x + 407, 5*q = -4*x + 2041. Is q a prime number?
True
Let n(j) = -j**3 - 5*j**2 - 5*j - 2. Let o be n(-4). Let a(l) be the second derivative of 21*l**3/2 + l**2/2 + 2*l. Is a(o) composite?
False
Let q = 17 - 15. Suppose q*r - 103 - 75 = 0. Is r composite?
False
Let k(c) = 4*c**2 + 6*c + 11. Is k(-8) a prime number?
False
Is (-2)/4 + 897/6 composite?
False
Let d be ((-2)/(-4)*0)/(-2). Suppose -t - 3*t + 148 = d. Is t a prime number?
True
Let v be (-3 + (-20)/(-12))*3. Is v/14 - 891/(-7) composite?
False
Suppose 0 = g - 5*n + 2 + 17, 0 = -2*g + 2*n + 2. Suppose -y + g = 2*y, -4*y - 349 = -3*x. Is x composite?
True
Let k(q) be the third derivative of q**6/120 + q**5/12 - 5*q**4/24 - q**3 - q**2. Let v be (-1)/(2/8) - 1. Is k(v) a composite number?
False
Suppose -2*c + 3*c + 80 = -2*h, 0 = c - 2*h + 60. Let m = -49 - c. Is m a composite number?
True
Let x = 1340 + -589. Is x prime?
True
Let w(h) = -h**3 + 11*h**2 + 13*h - 6. Let c be w(12). Let f = c + -13. Let j(r) = r**2 + 4*r - 8. Is j(f) composite?
False
Let n be (-1)/(2/(-8)) + 1. Let z(f) = -f**2 + 12*f + 4. Let x be z(12). Suppose -n*j + 4*v = -355, -x*j + 160 + 88 = 4*v. Is j a composite number?
False
Suppose -4*x - 2962 = -6*x. Is x prime?
True
Suppose 3*w + 120 = -2*w. Let p = w + 46. Is p composite?
True
Let a(p) = p**3 + 18*p**2 + 13*p + 5. Is a(-15) prime?
False
Let c be ((-112)/(-5))/((-7)/(-70)). Suppose d + 4 = -0*d, d + c = 4*r. Is r prime?
False
Let v(g) = -g + 1. Let j be 1*1*(-2)/2. Let c(l) = -4*l**2 - 6*l + 11. Let w(k) = j*c(k) + 4*v(k). Is w(-5) composite?
False
Let m(q) = q**3 + 10*q**2 + 4. Is m(-9) a composite number?
True
Is (1540/12)/(-7)*-3 composite?
True
Suppose 11 = -3*b - 1. Let r(x) = x**3 + 8*x**2 - 3*x + 3. Is r(b) a composite number?
False
Is -2*(-69)/(-6)*-2 a composite number?
True
Let s(u) = -48*u + 1. Let d(b) = -b. Let k be d(4). Let a = -5 - k. Is s(a) a composite number?
True
Suppose -11*d + 12722 + 7595 = 0. Is d composite?
False
Suppose -3*b - 3198 = -8580. Is (-4)/(-14) - b/(-42) prime?
True
Let r(s) = -11*s**3 + 2*s + 8. Let k(v) = 5*v**3 - v - 4. Let d(m) = -13*k(m) - 6*r(m). Let f be d(0). Is (-1)/f - 246/(-24) composite?
True
Let s be -1*(-4 - -2) - 22. Is 5/(s/6)*-34 a prime number?
False
Suppose -5*r = -3*r - 1676. Is r prime?
False
Let l(b) = b**2 - 3*b. Let u be l(3). Suppose o - 43 - 96 = u. Is o a prime number?
True
Let q = 71 + -115. Let v be (2/4)/((-2)/(-4)). Is (v/(-2))/(2/q) prime?
True
Let x(j) = 15*j**2 - 3*j + 12. Let l be x(-6). Suppose 0 = 2*m + 5*n - l, 16 = -6*n + 2*n. Is m a composite number?
True
Let k be 522*-2*1/2. Let b = -269 - k. Is b composite?
True
Let v be 0 - (6 + -1 + 1). Let w = v - -31. Is w composite?
True
Let q(h) = -4*h**3 + h**2 - 3*h - 3. Let p be q(-3). Suppose -4*b = -265 - p. Is b a prime number?
True
Is (-1)/(-4 + 1014/254) a prime number?
True
Let y(k) = -2*k**3 + 5*k**2 - 11*k - 19. Let h(q) = 2*q**3 - 6*q**2 + 11*q + 18. Let f(c) = 6*h(c) + 5*y(c). Is f(9) composite?
True
Let m = -5 + 4. Is 4 + 15 + (m - -3) a composite number?
True
Let i(o) = -690*o - 11. Is i(-8) prime?
False
Is (-10226)/(-3) + 12/36 prime?
False
Let t(g) = -30*g**3 + 4*g**2 + 3*g + 1. Is t(-2) prime?
True
Let q(n) = 442*n**3 + n**2 + 2*n - 2. Is q(1) prime?
True
Suppose -3*p + 0*j = 2*j - 3359, 2*j + 10 = 0. Is p prime?
True
Let k(q) be the first derivative of -q**2/2 + 10*q + 4. Let u be k(5). Suppose -155 = -u*y + 100. Is y prime?
False
Let s(g) = -34*g + 31. Is s(-10) a prime number?
False
Suppose 12 = -5*j + 62. Suppose 362 = -4*f + 62. Let n = j - f. Is n composite?
True
Let u(b) be the second derivative of 0 - 2*b - 19/6*b**3 - 3*b**2. Is u(-5) prime?
True
Let r(t) be the second derivative of 5*t**4/12 - 2*t**3/3 + 3*t**2/2 + 2*t. Is r(4) composite?
False
Suppose -4*m = -4*f + 36, 0 = 3*m + 3*f - f + 2. Is ((-37)/m)/((-1)/(-4)) prime?
True
Suppose 3*n - 5794 = 779. Is n composite?
True
Let v be 1/(-1*1/5). Let d(i) = i**2 - i - 1. Let s(z) = z**3 + z**2 - 8*z - 4. Let n(j) = v*d(j) + s(j). Is n(5) composite?
False
Let j(r) = 18*r**3 + 4*r**2 + r - 3. Let f(y) = 19*y**3 + 3*y**2 + y - 2. Let a(b) = 3*f(b) - 2*j(b). Let g be a(-1). Is (28/6)/((-2)/g) composite?
True
Let k = -202 + 405. Is k composite?
True
Suppose -6*m + 1789 = -1169. Is m composite?
True
Suppose 18*q - 598 = 5*q. Is q a prime number?
False
Suppose 368 = l + l - 2*m, -m + 556 = 3*l. Is l a composite number?
True
Let m = -563 - -1354. Is m a composite number?
True
Let u = 6 + -8. Let y = -21 - u. Let w = 18 - y. Is w a composite number?
False
Let h(m) be the second derivative of 1/2*m**4 + 1/6*m**3 - m**2 + 0 - m. Is h(3) a composite number?
True
Let x = -4 + 0. Is (46/x)/((-5)/50) prime?
False
Suppose 0 = -0*k + k - 5*w - 28, 5*w = -4*k - 13. Is (118/(-3) - k)*-3 prime?
True
Suppose -32*v + 28*v = -5220. Suppose v = 5*p - s + 5*s, -5*s = -25. Is p prime?
True
Suppose -4*g + 2370 = 2*s, -2*s - 5*g = -1 - 2365. Is s a prime number?
True
Let m = 7 + -5. Suppose -m*z + 83 = y, 2*y + y - z - 263 = 0. Is y a prime number?
False
Suppose 7*s = -4*s + 209. Is s composite?
False
Let c = -6 - -4. Is 2*c/(4/(-235)) a prime number?
False
Is (0/(-2) - 1) + 204 prime?
False
Let n = -13429 + 23396. Is n composite?
False
Let c = 411 - 97. Suppose 138 = 4*n - c. Is n a prime number?
True
Let t be 82*(1 - 10/4). Suppose -12 = 4*d - 5*m + m, 4*m = -5*d + 30. Is d - (t + 4/(-2)) a composite number?
False
Let f(t) = -142*t + 1. Let p = 1 + -2. Let c be f(p). Suppose -n = 2*n - i - c, n - 2*i - 51 = 0. Is n a prime number?
True
Suppose 3*k - 2*k + 1 = 0. Let b = 3 + k. Is (-3 - b)/(1/(-7)) a prime number?
False
Let n be (9/(-3) - -3)*-1. Suppose -x - y = -569, -3*x + y + y + 1687 = n. Is x a composite number?
True
Let s(o) = -18*o**3 + 3*o**2 + 2*o + 2. Is s(-3) a composite number?
False
Let y(x) = -x**2 - 9*x - 1. Let l be y(-9). Is (-3 - 67)*l/2 a prime number?
False
Suppose 5*b - 191 = -2*i, -b = 4*b - 2*i - 199. Is b composite?
True
Suppose -27*c + 23*c = -652. Is c a composite number?
False
Suppose 6*i - i - 5*x - 15 = 0, 0 = 4*i + 4*x - 12. Suppose 0 = 4*j + 3*r - 229, 2*r = 2*j - i*r - 121. Is j prime?
False
Let f(q) = q**2 - 7*q - 10. Let t be f(8). Let z(r) = 2*r**2 - 4*r - 3. Is z(t) prime?
True
Let g(j) = j**3 - 10*j**2 + 18*j - 5. Is g(12) a prime number?
True
Is 6193/55 + 4/10 a composite number?
False
Let s = -206 + 625. Is s a composite n